 - 3302. Suppose 2*n - 3697 = -5*w, 4*w - j = w - g*n. Is w composite?
False
Let w(l) = 1246*l - 13889. Is w(195) composite?
False
Suppose -z = 4*o - 14, 0*o - 2*o + 4*z = 2. Suppose 2*a + o*b = 4895, -7925 = -3*a - b - 600. Let w = -1589 + a. Is w composite?
True
Let y(o) = -213*o**2 + 1783*o**2 + 1 - 1018*o**2 + 1836*o**2. Is y(1) a composite number?
False
Suppose 222458 = 2*d - 5*m - 310134, 0 = -5*d + 4*m + 1331429. Is d prime?
True
Let b = 2044707 + -950000. Is b prime?
False
Let m(b) = -b**3 + 122*b**2 + 47*b - 1097. Is m(94) composite?
True
Suppose 88513 + 69 = 2*a + 4*o, -4*a + 177194 = -2*o. Let b = a + -29106. Is b prime?
False
Let s = -1151 - -1691. Let a = s - -424. Suppose -x = -a + 177. Is x prime?
True
Suppose f = -n - 4347, -3*f + 2*n - 13037 = n. Suppose 24*a - 17*a + 455 = 0. Is f/(-26) - (-10)/a prime?
True
Suppose 13 - 21 = -y - p, -2*y + 5*p - 5 = 0. Suppose -3*o + u + 2180 = 0, 3*u - 3620 = -y*o + 8*u. Suppose o = -v + 2011. Is v a prime number?
True
Let g(o) = 15*o**2 + 1 - 5 + 4*o - 8*o**2. Suppose -15 = -3*y + 5*r, 0 = y + 4*y + 5*r - 25. Is g(y) prime?
True
Let j = 618212 - 236643. Is j prime?
True
Let v = 166873 + -79210. Is v composite?
True
Let y(x) = 9*x + 37. Let m be y(-7). Suppose -2*c + 249 = c. Let v = m + c. Is v prime?
False
Suppose 74*h + 250180 = 79*h - 3*b, 0 = 3*h - 5*b - 150124. Is h a prime number?
True
Suppose -169080 = 12*x - 17*x. Suppose 0 = -5*c - 3*c + x. Is c a prime number?
False
Let y(g) = -g**2 - 60*g - 265. Let d be y(-5). Suppose 0 = -d*z + 24*z - 77882. Is z prime?
True
Let y(g) = -200 + 2635*g + 468 - 234. Is y(1) prime?
False
Let n = -78887 + 117508. Is n a prime number?
False
Suppose -2243871 = -3601*j + 3592*j. Is j prime?
False
Suppose 4*v = -0*v + 5*j + 73, 4*j = v - 32. Let z(m) = 138*m - 63. Let o be z(v). Suppose -2*r + 784 = -3*x - 283, 3*r - o = 3*x. Is r a composite number?
True
Let g(w) = 2159*w**2 - 198*w - 12. Is g(5) a prime number?
True
Suppose 0 = 30*k - 11*k - 45828. Suppose -1407 - 1008 = -y - 4*m, 5*m = -y + k. Is y composite?
True
Let i be 1 - (3 + 3)/((-4)/(-6)). Let k be (-46)/i + -2 + (-18)/(-8). Is (4/((-36)/(-219)))/(1/k) a prime number?
False
Suppose -3*d + 2139186 = 27*u - 9*u, 2*u - 237690 = -d. Is u a prime number?
True
Let m(h) = 18*h**2 + 41*h - 61. Suppose -2*f - 2*c + 86 = 0, 2*c - 73 = -f + 7*c. Is m(f) a composite number?
True
Let y be (-2)/((-4)/(-5 - -9)). Is 838 + (-4 - (-2)/(y/5)) composite?
False
Let u(x) = x**2 + 59*x + 11. Let b be u(23). Suppose b = 18*c - 1901. Is c a prime number?
True
Suppose 18 = -3*j + 3. Let i be 4638/2*j/15. Let o = i - -1114. Is o prime?
False
Suppose 4*v = -5*q - 11 + 37, 0 = -3*q - 3*v + 18. Suppose -10 = 5*o, 1920 = -q*s + 2*o + 9038. Is s a prime number?
True
Suppose 3*f - 3*z - 2085624 = 1605927, -4*z = 16. Is f composite?
True
Let v(r) = 1334*r - 1. Let c be v(-6). Is c/(5 + 4 + -10) a prime number?
False
Suppose -5*v + 11*v = 12. Suppose -v*o - 462 = -3188. Suppose 3*m - o = 638. Is m composite?
True
Suppose 0 = -12*m + 6*m + 7689 + 59409. Is m a composite number?
True
Let b(t) = 148*t**2 - 41. Let j(f) = 67*f + 5. Let y be j(0). Is b(y) prime?
True
Let p(a) = 32629*a - 322. Let s be p(7). Is (-25)/(-20) - 5/((-140)/s) a prime number?
True
Let w be 8/14 + (-34424)/(-28). Suppose -10*l + w = 460. Is l composite?
True
Suppose 311030 = 25*m - 6*m. Let c = m + -8977. Is c a prime number?
True
Let v be (13 + -13 - -6)/2. Suppose -4*x = -0*x. Suppose -n = -v*j + n + 5793, -3*j - 2*n + 5793 = x. Is j prime?
True
Let f = 937497 + -328636. Is f composite?
True
Let k(f) = 19*f**2 - 76*f + 144. Is k(-61) composite?
False
Let c = 12000 - -12029. Is c a prime number?
True
Let b be 2/(-6) + (-10)/6. Suppose 4*z - 3*d - 18 = 0, -d - 76 + 84 = z. Is (-9206 + z + 6)*b/4 a composite number?
False
Suppose 3*l + 18 = 0, -4*l - 295240 = -2*j - 5*l. Is j a prime number?
False
Suppose -p + 9 = -59. Suppose -15*n = 2*n - p. Suppose -1157 = -a + n*w, 2*w - 3330 = -3*a + 183. Is a prime?
False
Let b = 350919 - 239540. Is b prime?
False
Let h(i) = -i**3 - 52*i**2 - 109*i + 693. Is h(-76) a composite number?
True
Let n(l) = 29412*l**2 - 65*l + 99. Is n(2) composite?
False
Let z(s) be the second derivative of -9587*s**5/20 + s**4/2 + 7*s**3/6 + 100*s. Is z(-1) a prime number?
False
Suppose -4*p = -4*i + 2*i - 55600, -27800 = -2*p + 2*i. Let r = p + -7935. Is r a composite number?
True
Suppose 2*u + 5*g = -23566 + 128529, 4*u = -3*g + 209947. Is u a composite number?
False
Let u(t) be the first derivative of t**6/120 + t**5/20 + t**4/12 - t**3/6 + 37*t**2/2 + 4. Let j(b) be the second derivative of u(b). Is j(10) composite?
False
Suppose 0 = -2*w - 1 + 5. Suppose -w*o - 285 = -o. Is (-23)/((-5)/o*-3) prime?
False
Suppose 53 = 3*b + 11. Suppose 0 = -b*z - 5641 + 32927. Is z composite?
False
Let h(u) = -4*u + 43. Let x be h(7). Suppose -4*t + x = 5*a, 3*a = t - 5*t + 17. Is (-4 - -1)/(-2 + a)*839 a composite number?
False
Let h(c) be the third derivative of c**6/120 - c**5/30 + c**4/12 - c**3/6 - 12*c**2. Let g be h(2). Suppose 0 = g*m - 186 - 36. Is m composite?
True
Let v = 820541 - 542754. Is v a prime number?
True
Let s(w) = w**2 + 3*w + 3. Let u be s(-3). Let v be (-2)/3*u/1. Is (5/(-10))/(v/1028) a prime number?
True
Let m = 13875 - 4001. Suppose 6*k + m = -3458. Let d = k - -3739. Is d prime?
False
Let b(f) be the third derivative of -235*f**4/12 - 7*f**3/2 + 167*f**2. Is b(-14) composite?
True
Let l be (-150388)/(-48) - 13/156. Let p = 16350 - l. Is p a composite number?
False
Suppose -28*p = -18*p - 10490. Let o = -738 + p. Is o a composite number?
False
Is ((11707 - -1) + -4 - -8) + 7 prime?
True
Let k be (-1 + 6)*88/(-55). Let a be (k/(-20))/(3/30). Suppose -r - 1368 + 3759 = 4*c, -a*r + 2400 = 4*c. Is c composite?
True
Let q(x) = -3616*x - 211. Is q(-24) a composite number?
False
Suppose -5*m + 6*s - 7*s = -3, 0 = -3*s + 9. Let g = -6 - -10. Suppose -g*c = -2*v + 3*v - 357, 4*v - 4*c - 1508 = m. Is v prime?
True
Let t = -155318 + 283555. Is t a prime number?
True
Let p(m) = 8*m**2 - 3*m - 588 + m + 2*m**2 + 598. Let g be p(-4). Let v = -39 + g. Is v prime?
True
Suppose 0 = -116*p + 115*p + 197033. Is p prime?
True
Let d be 5*1229 - (-16)/(-16). Suppose 2*x = -2*t + 3092, -2*x = 4*t - 6*x - d. Is t composite?
True
Let s = 72975 + 77306. Is s a prime number?
False
Let i(v) = -4*v**2 - 27*v - 13. Let m be i(-6). Suppose -m*c = -1723 - 18382. Let f = c + -2090. Is f prime?
True
Suppose 68 = -t + 5*t + r, -4*t + 4*r + 48 = 0. Is (t/(-32))/(3/(1 + -53539)) prime?
True
Suppose k + n - 26 + 10 = 0, 36 = 3*k - 3*n. Let c be (-2)/(-4) + 77/(-154). Suppose -k*g + 0*g + 31178 = c. Is g prime?
False
Suppose -160950 + 460963 = 9*b - 159266. Is b a prime number?
True
Let w(z) be the first derivative of -z**4/2 + 14*z**3/3 - 13*z**2/2 - 32*z + 58. Is w(-15) a prime number?
False
Let s = 64 - 60. Suppose 3*a + 0*a + 4*n = 28603, -38130 = -s*a + 2*n. Is a prime?
True
Let o be ((-5)/(-15)*13)/(1/(-582)). Let q = o - -8473. Is q composite?
True
Let c(q) = 40 - 5 + 1 - 72*q - 13. Is c(-7) prime?
False
Let d = 6101 + 20268. Is d prime?
False
Is ((-2305)/10 + -1)*200/(-20) composite?
True
Let d(c) = -9*c - 5*c**2 - 17 - 9*c + 30*c**3 + 22*c. Is d(8) composite?
True
Suppose 3*s - m = 10, s - m + 4 = 5*s. Suppose -s*c + 51 = -c. Let o = c + 112. Is o prime?
True
Suppose -38*q = -45*q + 49. Suppose -9 = -q*t - 2*t. Is -2 - 2 - (5*-289)/t composite?
True
Suppose 0 = -91*p + 87*p - m + 301533, -3*p + 5*m + 226121 = 0. Is p a composite number?
True
Is 24 + -55 + 27 + (3 - -358974) prime?
True
Let s(m) = 138*m + 143. Let g(d) = -d**2 - 20*d - 62. Let f be g(-9). Is s(f) a prime number?
False
Suppose -3 = 2*x - 7. Suppose -1244 = m + 2*m - x*c, m + 3*c = -422. Let u = -9 - m. Is u a composite number?
True
Let o(j) = -j**3 - 15*j**2 - 2*j - 32. Let q be o(-15). Is (689/(-52))/((-1508)/752 - q) a prime number?
False
Suppose -2*u = -c - 2*c + 33, -3*c + 12 = 5*u. Suppose -15*r + 22986 = -c*r. Is r a composite number?
True
Suppose -4*q - 4*s = -152, -s - s = -4*q + 176. Let g be ((-100)/60)/(43/q - 1). Is 9805/7 + (-20)/g composite?
True
Let h = 5003 + -4764. Is h composite?
False
Suppose 0 = -64*i + 61*i - 138. Let o be (-8)/(-28) - i/(-14). Is (1 + o)/((-8)/12